Let o be f(q). Suppose -66*u + 67*u = 20. Calculate the greatest common divisor of u and o.
5
Let o = 101 - 75. What is the highest common divisor of 13 and o?
13
Let m = 182 + -169. Let t be (-1 + 0)*-104*1. What is the greatest common factor of m and t?
13
Let w = 54 - 15. Suppose 3*m + 0*m - 3*y = -12, -4*y + 16 = 3*m. Suppose 26 = u - m*u. Calculate the greatest common divisor of w and u.
13
Suppose 7*o - k = 3*o + 160, 0 = -4*k. Let t(z) = 3*z - 12*z**2 + z - 5 + 3*z**3 - 2*z**3 + 17. Let v be t(12). What is the highest common factor of v and o?
20
Let t be ((-20)/(-12))/(2/6). Suppose -3*y = -y - 10, -t*y = -w - 23. Suppose w*q - 146 = -5*c, c + c - 68 = 4*q. What is the highest common factor of 20 and c?
10
Let f be (-60)/(-14) - 2/7. Calculate the highest common factor of f and 68.
4
Suppose 6 = 2*c + c. Suppose -2*u - c*u = -60. Calculate the highest common divisor of 30 and u.
15
Let r be 17/2 + 2/(-4). Suppose -3*b - 75 = -3*h, 5*b = 2*b - 3. Calculate the greatest common factor of h and r.
8
Suppose 0 = w + 15 - 21. Suppose w*t - 60 = 5*t. Calculate the greatest common factor of t and 24.
12
Suppose 0*k + 5*k - s = 98, -4*s + 48 = 2*k. Calculate the greatest common factor of k and 10.
10
Suppose 6*q = 9*q. Suppose 7*p - 2*p - 45 = q. What is the highest common factor of p and 3?
3
Suppose -7 = 41*m - 42*m. What is the greatest common factor of 133 and m?
7
Suppose 4*b - 18 = 6. Let g = 2 - 1. Let q be (-3 + 2)/(g/(-12)). What is the highest common divisor of q and b?
6
Let a(p) = -p**2 - 8*p + 16. Let n be a(-6). What is the highest common divisor of 56 and n?
28
Let b = 10 - 4. Let n be ((-102)/(-10))/((-4)/20). Let o = n - -99. What is the highest common divisor of o and b?
6
Let h(x) = -x**3 + 5*x**2 + 3*x + 3. Let b be h(4). What is the greatest common divisor of 31 and b?
31
Suppose -2*r = 4*u - 24, -r + 48 = 3*r + 3*u. Let x be 22/4*r/6. What is the greatest common divisor of x and 1?
1
Let h(o) = -o**2 - 10*o + 8. Let l be h(-10). Let z be (-6)/l - (-115)/20. Calculate the greatest common factor of z and 15.
5
Let z(r) = 58*r**2 - 2*r. Let d be z(-1). Calculate the greatest common divisor of 40 and d.
20
Let i = -1 + 5. Suppose 0 = i*w - 6 - 26. Let k = 12 - w. Calculate the highest common divisor of k and 32.
4
Let q(g) = -g**3 - 6*g**2 + 15. Let y be q(-8). Calculate the highest common divisor of 26 and y.
13
Let f(i) = -i**3 - 8*i**2 - i - 2. Let c be f(-9). What is the greatest common factor of c and 8?
8
Let r = 22 + -4. Calculate the greatest common divisor of 27 and r.
9
Let f(d) = d**2 - 6*d + 8. Let h be f(5). Calculate the greatest common divisor of h and 12.
3
Let p = -6 + 13. Suppose -p*c + 2*c = -80. Calculate the greatest common divisor of 32 and c.
16
Let z(k) = -k**3 + k**2 + k + 3. Let h be z(3). Let p be 0*(-3)/(-6) - h. Let g be -1*(0 + -2) + 2. Calculate the highest common factor of p and g.
4
Let x = -70 + 100. Suppose -t - 8 + 32 = 2*a, 48 = 4*a + t. Calculate the highest common factor of x and a.
6
Let f = 114 - 92. What is the highest common divisor of 55 and f?
11
Let y = 0 + 2. Suppose -3*b - 255 = -5*l, 6*l - 3*l - 5*b - 169 = 0. Suppose o = -y*o + l. What is the greatest common divisor of o and 128?
16
Suppose -n - 2*n = 0. Let o be (n - 0) + 13 + 2. What is the highest common divisor of o and 10?
5
Suppose 2*v = -m + 45, -m + 3*v = 3*m - 147. Calculate the greatest common factor of 13 and m.
13
Suppose -6*i + 32 = -2*i. What is the highest common divisor of 4 and i?
4
Let m be 3/((-134)/34 - -4). What is the highest common factor of m and 17?
17
Let j be (-6)/15 - (-14)/10. Let z be 0*j/(-2) - -9. What is the highest common factor of z and 6?
3
Let s = 130 - 129. Suppose -6*o - 6 = -b - 2*o, 8 = b - 2*o. What is the highest common divisor of b and s?
1
Suppose 2*k = -3*k. Let h(o) = o - 4 + 4 + k + 14*o**2 + 1. Let w be h(-1). What is the highest common divisor of 126 and w?
14
Suppose 4*g + u = 69, g - 3*u + 79 = 5*g. Let j = 140 - 92. Calculate the highest common divisor of g and j.
16
Suppose -7*a + 2*a = -4*y + 100, -16 = -4*a. Suppose 2*p + 9 = 33. What is the greatest common divisor of p and y?
6
Suppose 0 = 2*f - 3*f + 52. Suppose -f = -3*c + 2. Calculate the greatest common divisor of 198 and c.
18
Let v(a) = 3*a**2 - a + 1. Let q be v(1). Suppose q + 7 = 2*p. What is the greatest common factor of 20 and p?
5
Let l(i) = 2*i**3 + 4*i**2 + 3*i. Let f be l(-2). Let c be (12/(-10))/(f/15). Calculate the greatest common divisor of 15 and c.
3
Let x = 3 - 5. Let m be (0 + x)/((-5)/20). Calculate the highest common divisor of 4 and m.
4
Let j(o) = 21*o + 14. Let f(r) = 4*r + 3. Let y(i) = 11*f(i) - 2*j(i). Let l be y(6). Let t = -11 + l. Calculate the highest common divisor of t and 6.
6
Suppose -6 = -5*p + 9. Suppose o - p*y = -o, 0 = -o + y + 2. Let d be (-98)/(-5)*(-1 + o). Calculate the greatest common factor of 14 and d.
14
Let p(r) = -r**3 + 5*r**2 + 2*r. Let b be p(5). Calculate the highest common factor of 25 and b.
5
Let f(b) = b**3 - 8*b**2 - 23*b. Let p be f(11). What is the highest common factor of p and 10?
10
Suppose 0 = -8*c + 13*c - 20. Let q = 15 - 9. What is the greatest common factor of q and c?
2
Suppose -7 - 3 = -i. Calculate the highest common divisor of 15 and i.
5
Let h(w) = 4*w**2 - 3*w + 6. Let x be h(2). Calculate the highest common divisor of x and 32.
16
Let g = -28 + 48. What is the greatest common factor of g and 20?
20
Let m be 1/1 + 6 - -1. Suppose 4*i - m - 24 = 0. What is the highest common divisor of i and 2?
2
Let u be 2*(-2)/6*3. Let h(x) = -7*x - 3. Let d be h(u). Suppose -12 = 4*a + 4, a + 26 = o. Calculate the greatest common factor of o and d.
11
Suppose 3*l - 7*l = -120. Let x(z) be the first derivative of z**4/4 + z**3/3 + 3*z**2/2 - 3. Let q be x(3). Calculate the highest common factor of q and l.
15
Let n(p) = p**2 - 20*p - 8. Let s be n(-9). Let i = s - 169. Calculate the greatest common divisor of i and 12.
12
Let a be (6/(-18))/((-1)/63). What is the highest common factor of 42 and a?
21
Suppose 5*r - 17 = -2*g + g, 0 = -3*g + r + 35. Let k be ((-24)/9 - -2)*-27. What is the highest common divisor of g and k?
6
Suppose 0 = 4*s + 21 - 53. Suppose -3*u = -47 - 349. Let l be (u/(-5))/((-6)/20). What is the greatest common divisor of l and s?
8
Let a = 8 + 7. Let r(v) = -v**3 - 9*v**2 - 7*v + 8. Let j be r(-8). Suppose 225 = -2*y + 4*y - 5*x, j = x + 3. Calculate the highest common factor of y and a.
15
Let u be ((-2)/3)/(11/(-198)). Calculate the highest common divisor of u and 12.
12
Let z(r) = -38*r - 8. Suppose 0 = -3*g - 2*j - 2 + 4, 4*j + 8 = -3*g. Suppose -k = g + 2. Let b be z(k). Calculate the greatest common divisor of b and 20.
20
Suppose m + 3*m - 10 = -k, 0 = 3*k - 4*m + 2. Suppose 4*j = 4*i - 16, 4*i - k*j + 3*j = 26. What is the highest common factor of 42 and i?
6
Suppose 2*t = f + 4*t - 11, -t = 0. Calculate the highest common factor of f and 99.
11
Let m be 7/(-2)*80/(-8). What is the highest common factor of m and 7?
7
Suppose -2*w - 7 = -25. Let x(p) = 36*p. Let v be x(1). Calculate the highest common divisor of w and v.
9
Let g(l) = -l**3 + 10*l**2 + 24*l + 13. Let x be g(12). Calculate the greatest common divisor of x and 169.
13
Let x = 5 + -11. Let u be (1 + 1)*(-81)/x. Let r(y) = y + 1. Let o be r(8). What is the greatest common divisor of u and o?
9
Let h be (12/(-18))/(2/(-24)). Let i(j) = j**2 + 2*j - 2. Let d be i(-4). Let n be (-20)/3*d/(-5). Calculate the greatest common factor of h and n.
8
Let r be (-1182)/(-30) - 6/(-10). Calculate the highest common divisor of 80 and r.
40
Let b = -19 - -31. What is the greatest common factor of 96 and b?
12
Let u = 312 + -112. What is the greatest common factor of u and 80?
40
Let t = 34 + -4. What is the highest common factor of t and 75?
15
Suppose 0 = -u - 4*c + 128, 564 = 4*u + u + c. Calculate the greatest common divisor of u and 14.
14
Let y be 2646/24 + (-6)/(-8). Let q = y - 75. What is the greatest common divisor of q and 24?
12
Suppose 0*z - 4*z = 5*v + 459, 5*z - 20 = 0. Let s be (1/1)/((-5)/v). What is the highest common factor of 152 and s?
19
Let d(b) = b**2 + b + 8. Let p be d(0). Let y(w) = w**3 - 2*w**2 + w. Let n be y(3). Let c = n - p. What is the greatest co